when 284 is divided by 93?
5
Calculate the remainder when 154 is divided by 79.
75
What is the remainder when 432 is divided by 2?
0
Calculate the remainder when 203 is divided by 19.
13
Calculate the remainder when 178 is divided by 15.
13
What is the remainder when 205 is divided by 78?
49
Calculate the remainder when 31 is divided by 4.
3
Calculate the remainder when 241 is divided by 35.
31
What is the remainder when 232 is divided by 108?
16
What is the remainder when 241 is divided by 7?
3
What is the remainder when 1425 is divided by 471?
12
What is the remainder when 315 is divided by 80?
75
What is the remainder when 1239 is divided by 91?
56
What is the remainder when 1345 is divided by 195?
175
What is the remainder when 1211 is divided by 153?
140
What is the remainder when 711 is divided by 318?
75
What is the remainder when 78 is divided by 3?
0
Calculate the remainder when 3667 is divided by 24.
19
Calculate the remainder when 1650 is divided by 59.
57
Calculate the remainder when 76 is divided by 63.
13
What is the remainder when 511 is divided by 86?
81
Calculate the remainder when 559 is divided by 16.
15
Calculate the remainder when 116 is divided by 47.
22
What is the remainder when 845 is divided by 65?
0
What is the remainder when 750 is divided by 252?
246
Calculate the remainder when 965 is divided by 138.
137
What is the remainder when 235 is divided by 117?
1
Calculate the remainder when 6446 is divided by 307.
306
What is the remainder when 1839 is divided by 607?
18
Calculate the remainder when 5140 is divided by 513.
10
What is the remainder when 1984 is divided by 145?
99
Calculate the remainder when 50 is divided by 9.
5
Calculate the remainder when 442 is divided by 433.
9
What is the remainder when 935 is divided by 67?
64
Calculate the remainder when 139 is divided by 47.
45
Calculate the remainder when 15 is divided by 13.
2
What is the remainder when 164 is divided by 89?
75
Calculate the remainder when 803 is divided by 23.
21
What is the remainder when 494 is divided by 20?
14
Calculate the remainder when 169 is divided by 44.
37
Calculate the remainder when 802 is divided by 38.
4
What is the remainder when 597 is divided by 43?
38
What is the remainder when 3661 is divided by 11?
9
Calculate the remainder when 150 is divided by 29.
5
What is the remainder when 172 is divided by 9?
1
Calculate the remainder when 9264 is divided by 3085.
9
Calculate the remainder when 548 is divided by 306.
242
What is the remainder when 198 is divided by 40?
38
What is the remainder when 15 is divided by 4?
3
What is the remainder when 379 is divided by 32?
27
Calculate the remainder when 893 is divided by 30.
23
What is the remainder when 87 is divided by 40?
7
What is the remainder when 287 is divided by 128?
31
What is the remainder when 5219 is divided by 18?
17
Calculate the remainder when 958 is divided by 20.
18
Calculate the remainder when 101 is divided by 18.
11
What is the remainder when 74 is divided by 65?
9
Calculate the remainder when 149 is divided by 40.
29
What is the remainder when 760 is divided by 265?
230
Calculate the remainder when 197 is divided by 45.
17
Calculate the remainder when 200 is divided by 30.
20
What is the remainder when 242 is divided by 57?
14
Calculate the remainder when 69 is divided by 58.
11
Calculate the remainder when 85 is divided by 75.
10
What is the remainder when 89 is divided by 18?
17
What is the remainder when 83 is divided by 55?
28
What is the remainder when 4677 is divided by 30?
27
What is the remainder when 2279 is divided by 40?
39
Calculate the remainder when 2253 is divided by 2250.
3
What is the remainder when 264 is divided by 7?
5
Calculate the remainder when 960 is divided by 44.
36
What is the remainder when 15932 is divided by 31?
29
What is the remainder when 2361 is divided by 3?
0
What is the remainder when 894 is divided by 241?
171
Calculate the remainder when 10763 is divided by 78.
77
Calculate the remainder when 437 is divided by 57.
38
What is the remainder when 2228 is divided by 97?
94
Calculate the remainder when 308 is divided by 56.
28
Calculate the remainder when 92 is divided by 58.
34
What is the remainder when 112 is divided by 41?
30
Calculate the remainder when 316 is divided by 32.
28
Calculate the remainder when 2544 is divided by 13.
9
What is the remainder when 7941 is divided by 274?
269
What is the remainder when 57 is divided by 31?
26
What is the remainder when 1627 is divided by 274?
257
What is the remainder when 672 is divided by 143?
100
What is the remainder when 395 is divided by 3?
2
What is the remainder when 5537 is divided by 37?
24
Calculate the remainder when 398 is divided by 20.
18
What is the remainder when 84 is divided by 34?
16
Calculate the remainder when 1061 is divided by 119.
109
Calculate the remainder when 251 is divided by 91.
69
Calculate the remainder when 440 is divided by 320.
120
What is the remainder when 2376 is divided by 70?
66
Calculate the remainder when 417 is divided by 140.
137
Calculate the remainder when 2543 is divided by 102.
95
What is the remainder when 146 is divided by 6?
2
Calculate the remainder when 605 is divided by 110.
55
What is the remainder when 8170 is divided by 12?
10
Calculate the remainder when 986 is divided by 66.
62
What is the remainder when 134 is divided by 54?
26
What is the remainder when 54 is divided by 33?
21
What is the remainder when 138 is divided by 40?
18
Calculate the remainder when 3871 is divided by 204.
199
Calculate the remainder when 107 is divided by 52.
3
Calculate the remainder when 572 is divided by 16.
12
What is the remainder when 1334 is divided by 84?
74
Calculate the remainder when 3530 is divided by 34.
28
What is the remainder when 2528 is divided by 46?
44
Calculate the remainder when 245 is divided by 25.
20
What is the remainder when 119 is divided by 50?
19
Calculate the remainder when 51 is divided by 9.
6
What is the remainder when 4 is divided by 3?
1
Calculate the remainder when 1297 is divided by 62.
57
Calculate the remainder when 163 is divided by 50.
13
Calculate the remainder when 42 is divided by 39.
3
What is the remainder when 2777 is divided by 10?
7
What is the remainder when 2886 is divided by 1442?
2
What is the remainder when 56 is divided by 12?
8
What is the remainder when 151 is divided by 5?
1
Calculate the remainder when 2055 is divided by 226.
21
What is the remainder when 98 is divided by 74?
24
Calculate the remainder when 1078 is divided by 83.
82
What is the remainder when 834 is divided by 17?
1
Calculate the remainder when 951 is divided by 47.
11
What is the remainder when 1343 is divided by 379?
206
Calculate the remainder when 340 is divided by 31.
30
Calculate the remainder when 3226 is divided by 6.
4
What is the remainder when 8360 is divided by 2782?
14
Calculate the remainder when 60 is divided by 18.
6
Calculate the remainder when 206 is divided by 11.
8
Calculate the remainder when 239 is divided by 20.
19
What is the remainder when 218 is divided by 13?
10
Calculate the remainder when 28221 is divided by 24.
21
What is the remainder when 152 is divided by 137?
15
Calculate the remainder when 74 is divided by 21.
11
What is the remainder when 177 is divided by 20?
17
What is the remainder when 636 is divided by 58?
56
What is the remainder when 130 is divided by 54?
22
Calculate the remainder when 30 is divided by 3.
0
Calculate the remainder when 9 is divided by 6.
3
What is the remainder when 115 is divided by 23?
0
Calculate the remainder when 3446 is divided by 689.
1
What is the remainder when 21023 is divided by 146?
145
What is the remainder when 263 is divided by 10?
3
Calculate the remainder when 207 is divided by 177.
30
What is the remainder when 5042 is divided by 5?
2
Calculate the remainder when 64 is divided by 17.
13
Calculate the remainder when 20777 is divided by 6920.
17
What is the remainder when 253 is divided by 49?
8
Calculate the remainder when 374 is divided by 13.
10
What is the remainder when 112 is divided by 34?
10
What is the remainder when 267 is divided by 16?
11
What is the remainder when 2553 is divided by 71?
68
Calculate the remainder when 292 is divid